ivided by -1*(-1 + 12)*d.
10
What is the remainder when 13 is divided by (-3 + 42/9)*3?
3
Let d(v) = -v**3 - v**2 + 2*v + 8. What is the remainder when 47 is divided by d(0)?
7
Let a be 198/(-24) - 2/(-8). Let s = 19 + a. What is the remainder when 31 is divided by s?
9
Suppose -u - u + 26 = 0. Suppose s + u - 38 = 0. What is the remainder when s/(-5)*(-8)/10 is divided by 3?
1
Suppose -3*w - 1 + 13 = 0. Suppose 0 = -4*m + w*z + 140, -m + 5 = -5*z - 30. What is the remainder when m is divided by 12?
11
Suppose 3*y + 20 = 8. Calculate the remainder when y/(-14) - (-47)/7 is divided by 3.
1
Let u(y) = -3*y - 9. Let x be (8/(-6))/((-8)/12). What is the remainder when 16*-2*x/(-4) is divided by u(-6)?
7
Let y(z) = z**2 - 11*z. Calculate the remainder when 50 is divided by y(13).
24
Suppose -3*c - g = 7, 2*g + 6 = 4*c + 2. Let d be c*(-1 - 1/(-1)). Suppose 5*r = -d*r + 75. What is the remainder when 29 is divided by r?
14
Suppose -j = 2*d - 5*j, 3*d + 44 = -5*j. Calculate the remainder when 35 is divided by ((-76)/d)/(1/2).
16
Let h(y) = -y**2 + 8*y - 12. Let k be h(10). Let m = 54 + k. What is the remainder when m is divided by 8?
6
Suppose -2*v + 43 = 21. Suppose 37 = 2*m + 5*f, -56 = -m + 8*f - 3*f. Calculate the remainder when m is divided by v.
9
Let a = 11 - -12. What is the remainder when a is divided by -5*1*78/(-65)?
5
Let a(f) = -f**3 + 15*f**2 - 26*f + 9. What is the remainder when 24 is divided by a(13)?
6
Let r(n) = 5*n. Let k be r(3). Suppose -3*j = 4*y - 137, -328 + 96 = -5*j - 3*y. Calculate the remainder when j is divided by -1 + (k - (1 + -3)).
15
Let h(q) = -q**2 + 6*q**3 + 2*q**3 + 1 - 2*q - 4*q**3. What is the remainder when h(2) is divided by 14?
11
Let d = 45 + -30. Let b be d*((-4)/6)/(-2). Suppose 5*s = 4*p - 36, 2*p - b*s - 40 = -3*p. Calculate the remainder when p is divided by 3.
1
Let t = -3 - -24. Calculate the remainder when 81 is divided by t.
18
What is the remainder when -2 - 11/(-5) - (-570)/150 is divided by 1?
0
Let t(z) = 6*z + 6. Let h be t(5). Let y = 130 + -78. Suppose -y = -4*m + h. Calculate the remainder when m is divided by 12.
10
Suppose -5*n - 33 = -4*q - 0*q, q - 2 = -5*n. Let w be (-5)/(-3 - (-15)/6). Let k(a) = -a**2 + 13*a - 10. What is the remainder when k(w) is divided by q?
6
Let a(q) = q**2 + 2*q + 55. Let x be a(0). Suppose -2*z + x = 3*m, 4*z = 3*m - 0*z - 25. Calculate the remainder when m is divided by 6.
3
Let k(a) = a + 14. Let w = 5 + -2. Calculate the remainder when k(-7) is divided by w.
1
Let t be 1/1 - 0 - 15. Let c = -6 - -10. Calculate the remainder when 13 is divided by 204/28 + c/t.
6
Let y be 136/40 - (-2)/(-5). Suppose -307 = -3*n - 5*q, -2*q = n + y*n - 400. What is the remainder when n is divided by 25?
24
Let v be (219/(-9) - 1)*3. Let j = v + 199. What is the remainder when 19 is divided by j/12 + 2/(-8)?
9
Let s = 83 - 62. Calculate the remainder when 123 is divided by s.
18
Let c = -4 + 9. Suppose -c*d - 185 = -5*i, 0 = -i - i - 4*d + 50. Calculate the remainder when i is divided by 17.
16
Suppose 4*i = -2*v - 2, 2*i = -4*v - 0 + 14. Suppose 4*r - 43 - 6 = 3*o, -v*r + 3*o = -59. Calculate the remainder when 18 is divided by r.
8
Let x be ((-5)/(-10))/(1/(-8)). Let t be 12/x*(-2)/6. Let m(q) = 2*q**3 - q + 1. What is the remainder when 3 is divided by m(t)?
1
Let q(o) = -o**2 + 25*o + 13. Suppose -23 = -3*u + 2*g, -4*u - g + 0 = -16. What is the remainder when q(25) is divided by u?
3
Let r(b) = -b + 3. Let d(m) = -m**3 + 9*m**2 - 7*m + 1. Let w be d(7). Suppose 0 = 5*i - w - 0. What is the remainder when i is divided by r(-3)?
4
Let x = 159 - 104. Calculate the remainder when x is divided by 14.
13
Let o be 86 + 1 + 8/2. Suppose -6*k + 53 = -o. Calculate the remainder when 46 is divided by k.
22
Suppose 3*x = 2*w - 9, 2*w + 5*x = 4 - 3. Let p(t) = t**3 - 23*t**2 + 40*t + 43. Calculate the remainder when w is divided by p(21).
0
Suppose r = -4*r + 15, 5*m - 5*r = 5. Let h be 17 - ((3 - 1) + -1). Let w = h - 5. Calculate the remainder when w is divided by m.
3
Suppose -233 - 73 = -6*g. What is the remainder when g is divided by 27?
24
Suppose 3*t + 34 + 4 = j, 2*t = j - 42. Suppose j = -y + 6*y. What is the remainder when y is divided by 6?
4
Suppose -c = -8 + 2. Let g = c - -4. What is the remainder when 29 is divided by g?
9
Let x = -31 + 21. Let v(z) = -z**2 - 9*z + 12. Let h = 11 + -5. What is the remainder when h is divided by v(x)?
0
Let u(p) be the third derivative of -p**6/120 + p**5/20 - p**4/24 + p**3/3 + 10*p**2. What is the remainder when 19 is divided by u(2)?
3
Let n(c) = 3*c - 3. Let t = -7 - -10. Calculate the remainder when 16 is divided by n(t).
4
Suppose -3*a - 107 + 140 = 0. Calculate the remainder when 41 is divided by a.
8
Let n(p) be the first derivative of 2*p**3/3 + 3*p**2 + 4*p + 6. Calculate the remainder when 22 is divided by n(-4).
10
What is the remainder when ((-2)/(-3))/((-2)/(-3)) is divided by 1?
0
Calculate the remainder when 1/(-5) - (-2227)/85 is divided by 9.
8
Let p be (6/(-8))/(1/4). Let r = 7 + p. Suppose -a - 111 = -r*f, -48 = 3*f + 2*a - 134. Calculate the remainder when f is divided by 10.
8
Let p(a) be the second derivative of 3*a**5/10 + a**4/4 - a**3/6 - a. What is the remainder when p(2) is divided by 20?
18
What is the remainder when 310 is divided by (-94)/(-2) + (-15)/(-3)?
50
Let k(l) = 4*l + 2. Let n(g) = g + 11. Let i be n(10). Let o = -13 + i. What is the remainder when k(5) is divided by o?
6
Let f(a) = -2*a**2 - 3*a - 4. Let y be f(3). Suppose 2*c = 2*q + 2*q + 88, 5*q = 0. Let n = y + c. Calculate the remainder when 37 is divided by n.
11
Suppose 20*h - 16*h = 36. What is the remainder when 34 is divided by h?
7
Suppose q = 6*q + 3*d + 70, -5*q = 4*d + 75. Let k = q + 25. Calculate the remainder when 40 is divided by k.
12
Suppose -5*r + 19 = 2*l, -4*r + 15 = 3*l - r. Let m(n) = -1 - l*n + 0*n + 8*n. What is the remainder when 8 is divided by m(1)?
3
What is the remainder when 906/12 + 6/(-4) is divided by 19?
17
Let r = 19 - 10. What is the remainder when 13 is divided by r?
4
Suppose 0 = -5*o + 8 + 17. Suppose 32 = o*z - z. What is the remainder when 15 is divided by z?
7
Let g = 5 - 9. Let t be g/(-2 - 24/(-10)). Let x = t - -19. What is the remainder when 34 is divided by x?
7
Let t(z) = z - 7. Let o be t(5). Let l = 1 - o. Suppose 2*i - 72 = -0*n - 4*n, 0 = -3*i - l*n + 102. Calculate the remainder when i is divided by 11.
10
Calculate the remainder when 152 is divided by 2 - (-50)/4 - 5/10.
12
Let c be -2 - ((-9)/3 + 0). Suppose -17 = -3*d + c. Calculate the remainder when 15 is divided by d.
3
Let y(f) = -f**2 - 14*f - 1. What is the remainder when y(-7) is divided by 17?
14
Suppose 5*w = 65 + 60. Suppose -2*x - w = -3*x. Calculate the remainder when x is divided by 9.
7
Suppose 4*s = 2*s + 38. What is the remainder when 53 is divided by s?
15
Let n(x) = 31*x - 3. Let s be n(3). Suppose 96 = 3*b - s. Calculate the remainder when b is divided by 32.
30
Let p = 10 + 16. Calculate the remainder when p is divided by 9.
8
Let w(m) = 63*m**2 + m. Let p be w(-1). Suppose 4*k - 2*u - 48 = 0, -u = -5*k + 2*u + p. What is the remainder when k is divided by 4?
2
Let w(i) = -358*i**2 + 2*i. Let s be w(2). Let l = 9 + 2. What is the remainder when s/(-35) - 2/(-10) is divided by l?
8
Let x = 9 - 9. Suppose 0*d - d + 12 = x. Calculate the remainder when d is divided by 5.
2
Let z(n) = -n**2 - 11*n + 2. Let o = -7 + -1. What is the remainder when z(o) is divided by (-130)/(-14) - (-4)/(-14)?
8
Let f(j) = 10*j**3 - 3*j**2 + 2*j. Let z be f(2). Let u = -37 + z. What is the remainder when 103 is divided by u?
33
Let x(u) = 4*u**2 + 2*u - 4. Let w be x(4). Suppose -p + w = p. Calculate the remainder when p is divided by 12.
10
Suppose -4 = -y - y. Suppose y*s = -s + 18. Let v(w) = w**3 + 6*w**2 + 4. Calculate the remainder when s is divided by v(-6).
2
Let p(m) = -5 - 5*m**2 + m**2 - 2*m - m**3 + 3*m. Calculate the remainder when 29 is divided by p(-5).
14
Let j = 21 - 15. What is the remainder when 6 is divided by (6/4)/(j/16)?
2
Let t = -70 - -111. Let x(j) = -4*j - 5. Calculate the remainder when (t - -2)/(0 - -1) is divided by x(-5).
13
Suppose -5*o + 4 = -1. Let u = -22 + 39. Calculate the remainder when u is divided b